*u = -36 + 71. Determine c(u).
8
Let g(v) = v**3 + 5*v**2 - 6*v - 7. Let i(c) = c**3 - 6*c + 3. Let h be i(-3). Calculate g(h).
-7
Let f be 4*(10/4 - 2). Let l(c) = -2 + 4*c - f*c**2 + 0 + 0*c. Suppose -2*y = -5*a + 4, -2*y + 8 = -22*a + 23*a. Give l(a).
-2
Let k(h) = h**2 + 0*h**2 + 2 + 3 - 1 + 5*h. Let y(w) = -3*w**3 + 2*w + 1. Let u be y(-1). Suppose -3*m + 21 = -u*v, 4*v + 10 = m - 7. Calculate k(v).
-2
Let f(u) = -u**2 + u - 4. Let x(r) = 5*r**2 - 4*r + 20. Let d(l) = -11*f(l) - 2*x(l). Let o be 16/(-3)*(-12)/8. Suppose 0 = 4*s - o - 8. What is d(s)?
8
Suppose 0 = -7*t - 98 - 7. Let x = t + 18. Let f(i) = -i**2 - 1. Determine f(x).
-10
Let q(y) = -y**2 + 4*y + 1. Suppose 0 = 9*a - 51 + 15. Give q(a).
1
Let b(u) = 24*u**2 - 5*u - 3. Let c be b(0). Let v(i) be the first derivative of -i**4/4 - 7*i**3/3 - 3*i**2/2 + 3*i - 1. What is v(c)?
-24
Let a(n) = n**2 + 3*n + 2. Let q be a(-3). Let t(i) = -6*i**2 + 10*i**q + 3*i**2 + 8*i - 6*i**2 + 7. Give t(-6).
-5
Let a = 18 - 38. Let w = a - -19. Let i(v) = -12*v**2 + 7*v + 2. Let k(z) = -6*z**2 + 3*z + 1. Let b(c) = 2*i(c) - 5*k(c). Determine b(w).
6
Let z(l) = l**3 + 23*l**2 - l - 12. Suppose -561 - 1601 = 94*s. Give z(s).
11
Let d be (-3 + 3)/((-12)/2 - -5). Let w = 42 - 17. Suppose -2*f + 7*f - w = d. Let j(y) = y**3 - 4*y**2 - 2*y + 2. Calculate j(f).
17
Suppose -9 = -3*f - 3*y, 4*y - 6 = -f - 0*y. Suppose -5*z + 5*i + 20 = 0, f*z + 5*i = 6*i + 9. Let d(b) = -4 + 1 - 4 + b. What is d(z)?
-2
Suppose -4*m - 5*f = 381, 5*m - 2*m = -3*f - 285. Let h = -98 - m. Let v(d) = -d**3 - 4*d**2 + 3*d + 1. Calculate v(h).
-11
Suppose -2*p + 37 = -33. Let u = 35 - p. Let g(t) = -2*t**3 - t**2 - 2*t + 1. Let m(z) = z**3 + z. Let i(k) = g(k) + 3*m(k). Give i(u).
1
Let w(p) = -3*p**2 - 2*p - 9. Let u(h) = 2*h**2 + h + 4. Let n(r) = 9*u(r) + 4*w(r). Suppose 3*o - 2*m + 1 = -0*m, 4*o + m = -5. Calculate n(o).
5
Let z(w) be the first derivative of w - 39. Let c(d) = d - 4. Let y(a) = -c(a) + 3*z(a). Determine y(7).
0
Let y(s) = 18*s + 383. Let i be y(-21). Let n(u) = -2*u**2 + 9*u + 1. Calculate n(i).
-4
Suppose 4*t = 3*v - 18, -3*t - v = -3 + 10. Let y(n) = -n**3 - 2*n**2 - 6*n - 6. What is y(t)?
21
Let g(y) = -6*y - 1. Suppose -22 = -3*x + 17. Suppose -x*z + 4 = -12*z. Calculate g(z).
-25
Let z(w) = 9*w - 47 + 83 - 37. Give z(-1).
-10
Suppose -3 = -3*k + 6. Let y(s) = -7*s + 3. Let h(b) = 23*b - 44*b + 17*b + 1. Let j(g) = k*y(g) - 5*h(g). Give j(-4).
8
Suppose 17*w = 12*w + 10. Let u(r) = w + 8*r**2 + 0*r + 4 - 2*r - 5. Calculate u(1).
7
Let b(j) = -5*j**2 + 5*j + 3. Let r(a) = -4*a**2 + 4*a + 4. Let v(o) = -5*b(o) + 6*r(o). Let c be 5*((-12)/(-20))/1. Suppose -h = -c*h. What is v(h)?
9
Let a(z) = -8*z**3 + z. Suppose -2*i - 4 = -j, j = 4*i + 3*j. Give a(i).
7
Let v(c) be the third derivative of -c**6/360 - c**5/60 - c**4/24 - 3*c**3/2 - 12*c**2. Let w(x) be the first derivative of v(x). Give w(-1).
0
Let o(c) be the second derivative of c**6/12 - c**5/30 - c**4/24 - 13*c**2/2 + 14*c. Let g(s) be the first derivative of o(s). Determine g(-1).
-11
Let y(x) = -3*x**2 + 7*x + 1. Let l(d) = -7*d + 3. Let k be l(0). Let i(o) = 2*o**2 - 7*o - 2. Let u(c) = k*y(c) + 4*i(c). What is u(-7)?
-5
Let c(f) = -f**2 + 23*f - 29. Let i be c(22). Let v(g) = -g - 10. Calculate v(i).
-3
Let s(g) be the second derivative of 17*g + 0*g**2 - 1/12*g**4 + 0 + 1/6*g**3. Let o(x) = -x**2 - 5*x. Let k be o(-5). Determine s(k).
0
Let p(x) = x**3 + 10*x**2 + 2*x + 18. Suppose -460*b + 451*b = 90. Give p(b).
-2
Let d = 904 - 905. Let l(c) = -18*c**2 - c - 1. What is l(d)?
-18
Let g(w) = -3*w - 7. Let z be (10/3 - 0)*3/(-2). Calculate g(z).
8
Let w(n) be the third derivative of -11*n**2 - 1/3*n**3 + 0*n + 1/24*n**4 + 0. What is w(-6)?
-8
Let b(q) be the second derivative of -q**4/12 - 11*q**3/6 - 12*q. Let x be b(-11). Let v(f) = -2 + f + x*f - 2 + 3. Determine v(5).
4
Let v(a) = -a - 2. Let o(s) = -5*s**2 + 14*s - 3. Let z(k) = -3*k + 3. Let r be z(0). Let b be o(r). What is v(b)?
4
Let n(j) = -5*j. Suppose l = d + 4, 2*l - l = 0. Let u(m) = 4*m. Let f(w) = d*u(w) - 3*n(w). Determine f(0).
0
Let r(g) = 5 + 146*g**2 - 145*g**2 - 4 + 4*g - 14*g**3 - 5*g. What is r(1)?
-13
Suppose -q + 5 + 2 = 0. Let u(y) = -y**3 - 5*y**2 + y - 5. Let n be u(-5). Let f = q + n. Let k(d) = 2*d + 2. What is k(f)?
-4
Suppose 3*x - 1 - 2 = 0. Let k(y) = 0*y - y**3 - x + 0*y - 3*y + y - 4*y**2. Give k(-2).
-5
Suppose -8*t + 4*t = 116. Let k = 28 + t. Let w(b) = -21*b - 1. What is w(k)?
20
Let i(c) be the second derivative of 1/6*c**3 - 1/2*c**2 - c - 1/8*c**4 + 1/30*c**5 + 0. Let h(u) be the first derivative of i(u). Determine h(2).
3
Let d(i) = i**3 + i**2 - i + 3. Let u be d(0). Let p(o) = -5*o - 3 + 2*o - u*o + 6. Give p(2).
-9
Let m(k) = k**2 - 6*k - 4. Let i be m(6). Let q be 14/i - 7/(-14). Let h(p) = p**2 + 4*p - 3. Give h(q).
-6
Let o be (11 - 3) + (1 - 2). Let q(t) = o*t + 2 - 3*t - 24 - t. Let k be q(9). Let b(y) = y**2 - 2*y - 6. Give b(k).
9
Let x(a) be the first derivative of a**4/4 + 8*a**3/3 - 9*a**2/2 - 5*a - 10. Give x(-9).
-5
Let z(o) = 7*o - 7*o**2 - 6 - 7*o + o**3. Let d = 243 + -236. What is z(d)?
-6
Let m(n) be the second derivative of -n**7/840 - n**6/120 - n**5/30 + n**4/24 + 17*n**3/6 - 24*n. Let a(k) be the second derivative of m(k). What is a(-3)?
13
Suppose 2*m + 1 = -2*h - h, h + 2 = -m. Let g(i) = 68*i - i**3 + h*i**2 + 2 - 31*i - 32*i. Give g(4).
6
Suppose 4*w + 5*l + 322 = 282, 0 = l + 4. Let y(t) = t**3 + 7*t**2 + 8*t + 4. Calculate y(w).
14
Let x be 7/2 - (-2)/(-4). Let t(u) be the first derivative of -u - 14 + 0*u**2 + 1/3*u**3. Determine t(x).
8
Suppose -2*m = -2, 3*m = -b - 4*b - 27. Let y(r) = 9 + 4*r - 4 + 3. Determine y(b).
-16
Let a = 208 - 210. Let c(h) be the second derivative of 1/2*h**2 + 1/6*h**4 + 4*h - 1/3*h**3 + 0. Give c(a).
13
Let n(w) = -w**3 + 2*w**2 + 3*w - 4. Let s be 3*2 + (-18)/6. Let l be -2 + s*(-25)/(-15). Determine n(l).
-4
Let w(d) = -d - 2 + 2 - 4*d + 3. Let s be 25/5 - (-9)/(-3). Give w(s).
-7
Let b(d) = -d**2 + 10*d - 12. Let s(k) = k**3 - 5*k**2 + 2*k - 1. Let x be s(5). Calculate b(x).
-3
Let f(w) = w**3 - 4*w**2 + 7*w + 11. Let t(u) = 3*u**3 - 10*u**2 + 20*u + 32. Let z(n) = 11*f(n) - 4*t(n). Calculate z(-3).
-7
Let y(q) = -q**3 + 652 + 639 - 2*q - 1302. Give y(0).
-11
Let z(k) = -k**3 - 4*k**2 + 5*k + 6. Let p be (-3 + 0 - -6) + -30 + 22. Give z(p).
6
Let g(n) = -2*n**2 + 8*n + 7. Let x(l) = 3*l**2 - 16*l - 14. Let b(h) = -5*g(h) - 3*x(h). Let p be (-130)/18 + 4/18. Give b(p).
0
Suppose -2*f + 0 = -6. Let k(p) = -2*p**2 + 6 - 4*p**f + 3*p**3 - 7. Give k(-3).
8
Let j(p) = -59*p + 36. Let l(f) = 13*f - 9. Let s(d) = 2*j(d) + 9*l(d). Let h = 0 + 2. Suppose o + 3*m = 5*m - 8, 5*o = -h*m - 28. Give s(o).
-3
Suppose -5*b + 1 + 9 = 0. Let v = 93 + -90. Let y(d) = -3*d + 2 + 2 - v + 6*d. Give y(b).
7
Let h(i) = -i - 6. Let b(v) = v - 1. Let g be b(7). Let u be ((-9)/(-2))/3*g. Let r be (-1)/3 + (-51)/u. Give h(r).
0
Let k(y) be the third derivative of -1/6*y**3 + 0 + 1/12*y**4 - 29*y**2 + 0*y. Give k(-4).
-9
Let o be (-18)/4 + (-2)/(-4). Let a = -9 + 13. Let k(j) = -a - 2*j + 0*j - 5*j**2 - j - j**3. Give k(o).
-8
Let v(z) be the second derivative of 0 + 3/2*z**2 + 1/6*z**3 + 12*z. Give v(-5).
-2
Let s be 1/(((-14)/35)/((-4)/5)). Let y(x) = 19*x - 2*x**2 - x**3 - 20*x - 2*x**s - 1. Let c = 8 + -12. Give y(c).
3
Let v(r) = -43 - 42 + 82 + 2*r**2 + r**3 - r. Determine v(-4).
-31
Let k(y) = 3*y**2 - 11*y + 12. Let s(a) = 2*a**2 - 8*a + 8. Let n(j) = -5*k(j) + 8*s(j). What is n(9)?
4
Let g be (24*(-8)/36)/(2/(-3)). Let m(v) = 2 + 0 - 2*v**2 + 5*v**2 + g*v - 2*v**2. Determine m(-8).
2
Let i(x) = x**3 - 4*x**2 - 4*x - 2. Let t(o) = -o**3 - o**2 + o - 4. Let s(g) = -i(g) - 2*t(g). Give s(-6).
-2
Let a(n) = n**2 - n - 12. Let h(w) = 2*w**2 - w - 22. Let p(j) = 11*a(j) - 6*h(j). Let r = -21 + 10. Let i = r + 7. What is p(i)?
4
Suppose 0 = 2*d + 12. Let j(o) be the second derivative of -o**3/6 - 7*o**2/2 + 291*o. Give j(d).
-1
Let p(i) be the second derivative of 0 + 2*i + 0*i**3 + 1/2*i**2 - 1/2*i**4. What is p(1)?
-5
Let s = -8 + 8. Let p be s/((8 + -4)/(-4)). Let d(f) = -f**3 - 4. Calculate d(p).
-4
Suppose 2 + 2 = b. Suppose -2*m + b*m - 4 = 0. Let j(i) = -5 + 2 + 2*i - m - 2. Determine j(6).
5
Let n(r) = 